atest common divisor of 1060660 and 20?
20
What is the highest common factor of 11330 and 4658896?
2266
What is the greatest common divisor of 4941324 and 22801?
151
What is the greatest common divisor of 11725776 and 256?
16
Calculate the greatest common divisor of 8194 and 10117662.
482
Calculate the highest common factor of 2660916 and 7464.
3732
What is the highest common factor of 14205 and 196560?
15
What is the highest common divisor of 24519652 and 76?
76
What is the highest common factor of 428658153 and 23?
23
What is the greatest common divisor of 7 and 426945190?
7
Calculate the highest common divisor of 1033 and 26232.
1
What is the highest common divisor of 39024 and 113592?
24
Calculate the highest common factor of 107054903 and 524.
131
What is the highest common divisor of 56550324 and 24?
12
Calculate the greatest common factor of 1815 and 1657821.
363
What is the greatest common divisor of 1291552 and 1088?
32
Calculate the highest common divisor of 194056 and 181864.
1016
Calculate the greatest common factor of 428428 and 1155154.
2002
Calculate the greatest common divisor of 392769 and 169.
13
Calculate the highest common factor of 980 and 142580.
20
What is the highest common divisor of 720 and 834453?
9
Calculate the highest common divisor of 97376678 and 14.
14
Calculate the highest common factor of 555725 and 275.
25
What is the greatest common factor of 682697265 and 290?
145
Calculate the highest common divisor of 609 and 829731.
21
Calculate the highest common factor of 1677 and 16274726.
559
Calculate the highest common divisor of 541994 and 36176.
646
What is the highest common factor of 294487064 and 8?
8
Calculate the highest common factor of 2079285 and 117.
39
What is the greatest common factor of 225303 and 403065?
2067
Calculate the greatest common factor of 350477 and 12135920.
5231
What is the highest common factor of 11591531 and 1967?
1967
Calculate the greatest common divisor of 117570894 and 33810.
6762
Calculate the greatest common divisor of 4270 and 10665.
5
Calculate the greatest common divisor of 3497564 and 10304.
644
What is the greatest common divisor of 17707736 and 4920?
328
What is the highest common factor of 103521 and 14817?
33
What is the greatest common divisor of 10077435 and 3748?
937
Calculate the greatest common divisor of 83114 and 5249.
29
Calculate the highest common factor of 619288 and 2024356.
1556
What is the greatest common factor of 2400 and 280580?
20
Calculate the highest common factor of 105308 and 1358.
14
Calculate the greatest common divisor of 5681962 and 88.
22
Calculate the greatest common factor of 28788 and 1500.
12
What is the highest common divisor of 213888166 and 10092?
1682
Calculate the highest common factor of 34051148 and 8.
4
Calculate the highest common factor of 27981290 and 370.
10
What is the highest common divisor of 627 and 31251?
33
Calculate the highest common factor of 6651645 and 525.
105
What is the highest common divisor of 1209 and 1039792?
13
Calculate the greatest common divisor of 6953832 and 162.
18
What is the greatest common divisor of 174 and 11737054?
58
What is the highest common divisor of 1159270 and 2240?
70
What is the greatest common factor of 345 and 12555240?
345
Calculate the greatest common factor of 21010 and 11767510.
1910
Calculate the greatest common divisor of 143785 and 166433.
149
Calculate the highest common factor of 77 and 11983631.
11
Calculate the highest common factor of 12118826 and 402.
134
What is the greatest common divisor of 522 and 24401673?
261
Calculate the highest common factor of 22490 and 478010.
130
Calculate the greatest common divisor of 396809784 and 2016.
504
What is the greatest common factor of 11704 and 1078627264?
1672
Calculate the highest common factor of 67203874 and 4.
2
What is the greatest common divisor of 61933228 and 20531?
2933
Calculate the highest common factor of 47 and 954661838.
47
What is the highest common divisor of 21660 and 2727355?
1805
Calculate the highest common divisor of 4684624 and 112.
112
Calculate the highest common divisor of 8746668 and 728.
28
What is the highest common factor of 446715 and 38745?
135
Calculate the highest common factor of 564683469 and 14595.
2919
What is the greatest common factor of 717517209 and 699?
699
What is the highest common factor of 150180 and 57660?
60
What is the highest common divisor of 751130 and 4805?
155
What is the highest common factor of 4224 and 10236?
12
What is the greatest common factor of 497 and 40872286?
497
Calculate the greatest common factor of 40302 and 2745.
9
What is the greatest common divisor of 2853395 and 155062?
1271
Calculate the highest common factor of 324710 and 71376385.
8545
What is the greatest common factor of 332493753 and 5370?
537
Calculate the highest common divisor of 1150 and 4681075.
575
What is the highest common divisor of 1833 and 341328?
39
What is the greatest common factor of 72 and 3597680?
8
Calculate the greatest common factor of 2492 and 463786743.
623
What is the greatest common factor of 35197830 and 282?
282
What is the greatest common divisor of 4573144 and 218578?
586
Calculate the greatest common divisor of 979455 and 2530.
115
What is the highest common factor of 1 and 54059265?
1
What is the greatest common factor of 30 and 355781625?
15
What is the greatest common factor of 292194 and 70362?
54
Calculate the highest common divisor of 99242 and 98384.
286
What is the greatest common divisor of 1616 and 1785781?
101
What is the highest common factor of 47 and 41180977?
47
Calculate the highest common factor of 700 and 255706325.
175
Calculate the greatest common factor of 299726 and 818420.
542
What is the highest common divisor of 3677004 and 1692?
36
What is the greatest common factor of 794104 and 2176?
136
Calculate the greatest common factor of 60 and 107849.
1
What is the greatest common divisor of 1171735 and 363260?
2215
What is the highest common factor of 456010506 and 378?
378
Calculate the greatest common divisor of 131 and 37604729.
131
Calculate the highest common divisor of 499553503 and 251.
251
What is the highest common divisor of 19600111 and 388?
97
What is the highest common factor of 3690568 and 5369?
413
Calculate the highest common factor of 1125 and 3100.
25
What is the highest common factor of 3 and 94196181?
3
Calculate the greatest common divisor of 379220 and 7977770.
2830
Calculate the highest common divisor of 5796 and 2025828.
252
Calculate the greatest common divisor of 16295351 and 535.
107
What is the highest common factor of 11690745 and 11?
11
What is the greatest common factor of 16989913 and 333301?
4219
Calculate the greatest common factor of 4039 and 12971.
7
Calculate the greatest common divisor of 28158606 and 21.
21
What is the greatest common factor of 1211851 and 92045?
449
What is the highest common divisor of 190 and 5044025?
95
What is the highest common divisor of 146707812 and 2331?
333
Calculate the greatest common divisor of 320 and 991735.
5
Calculate the highest common factor of 4883555 and 155134.
1583
What is the greatest common divisor of 4165256 and 2712079?
7771
Calculate the greatest common divisor of 8 and 98845544.
8
What is the greatest common divisor of 108 and 205389336?
12
Calculate the highest common divisor of 1012583 and 2288.
143
What is the highest common divisor of 18 and 825173631?
9
Calculate the greatest common divisor of 72336 and 133164.
1644
Calculate the greatest common divisor of 5648 and 2893894.
706
What is the highest common factor of 29590 and 36630?
110
Calculate the highest common factor of 5352 and 10998168.
24
What is the greatest common divisor of 102401 and 3341?
13
What is the highest common divisor of 6167063 and 301?
7
Calculate the highest common divisor of 41463 and 53329.
17
What is the highest common factor of 234 and 400077?
9
What is the highest common divisor of 2280755 and 5?
5
What is the highest common divisor of 37993080 and 30?
30
What is the greatest common divisor of 215344 and 1120?
16
What is the greatest common divisor of 180594 and 10716192?
1422
Calculate the greatest common divisor of 39864399 and 309.
309
Calculate the greatest common divisor of 2696532